5371?
45376
In base 16, what is 1f8 - 3a?
1be
In base 16, what is 43 + 309e?
30e1
In base 9, what is 4 + 43066?
43071
In base 10, what is 26 - -2987?
3013
In base 16, what is 136fce + 3?
136fd1
In base 8, what is -1231 + -27?
-1260
In base 12, what is -3 - 4b24?
-4b27
In base 8, what is -23433103 + 1?
-23433102
In base 5, what is 3 - 24341312?
-24341304
In base 2, what is -1100000111 - 1101001001?
-11001010000
In base 12, what is 1728aa + 0?
1728aa
In base 16, what is -20c03c + 0?
-20c03c
In base 2, what is -101 - -1010010000010?
1010001111101
In base 4, what is -1321122 - 103?
-1321231
In base 11, what is 294677 - 7?
294670
In base 2, what is 101 + -10010000101001011?
-10010000101000110
In base 4, what is -21101221 + -202?
-21102023
In base 12, what is -22588 + a?
-2257a
In base 12, what is 962 - 2a5?
679
In base 3, what is -1001001111 + -121?
-1001002002
In base 13, what is 2 + 180?
182
In base 4, what is 33 + -203323?
-203230
In base 13, what is 3372a - -4?
33731
In base 9, what is -886 - 73?
-1070
In base 7, what is 455542 - -13?
455555
In base 8, what is -22623 - -142?
-22461
In base 7, what is -3063530 + 2?
-3063525
In base 4, what is 212213 + -13?
212200
In base 13, what is -10036 - -48?
-ccbb
In base 11, what is -a88a - -26?
-a864
In base 15, what is 1 + 13ee6?
13ee7
In base 7, what is 15330 + 1013?
16343
In base 5, what is -1340 - -1432?
42
In base 9, what is 351726 - -3?
351730
In base 2, what is 111011000101010001110 - 10?
111011000101010001100
In base 4, what is 3112 + 202133?
211311
In base 3, what is 12200211 + 10?
12200221
In base 5, what is 434403 + 4?
434412
In base 5, what is 3022 - 12220?
-4143
In base 14, what is -7526 + 1c?
-7508
In base 12, what is -611 - -1435?
a24
In base 5, what is 2230401142 + 4?
2230401201
In base 9, what is -201022 - 1?
-201023
In base 7, what is 6264145 + -1?
6264144
In base 4, what is 202123000 - 1?
202122333
In base 9, what is 0 - -2881462?
2881462
In base 13, what is 11b8b + -14?
11b77
In base 8, what is 1 + 117220?
117221
In base 13, what is -3 + 11603?
11600
In base 8, what is 0 + 257250?
257250
In base 10, what is 191170 - 3?
191167
In base 12, what is 78 - 679?
-601
In base 13, what is -1b2 - a0?
-282
In base 13, what is 17c6b - -31?
17c9c
In base 12, what is -2396 + 124?
-2272
In base 10, what is -26 + 48859?
48833
In base 7, what is -100 + -41461?
-41561
In base 2, what is 1 - -101101010100001011?
101101010100001100
In base 2, what is 1111001001011011010001 - -11?
1111001001011011010100
In base 12, what is -2 + -17807?
-17809
In base 12, what is -68 - 4813?
-487b
In base 8, what is -1605455 - -3?
-1605452
In base 12, what is 4a183 + 2?
4a185
In base 2, what is 10001101110 + 100101010011?
110111000001
In base 8, what is 3 - -136452?
136455
In base 14, what is -41 + 9d4?
993
In base 10, what is 7747 - 14?
7733
In base 7, what is 1366 + -12265?
-10566
In base 4, what is -21220 + 113333?
32113
In base 16, what is 6 - 8c74?
-8c6e
In base 14, what is 1 + 3cb6?
3cb7
In base 9, what is -8775 - 7?
-8783
In base 11, what is -786 + 31?
-755
In base 14, what is 368647 + 5?
36864c
In base 8, what is -3651 + -137?
-4010
In base 8, what is -333266 - 5?
-333273
In base 9, what is 7 + 315610?
315617
In base 8, what is 474 - -2?
476
In base 16, what is -5923 - 1?
-5924
In base 11, what is -1 + -3941?
-3942
In base 5, what is -113230130 - -20?
-113230110
In base 5, what is -124 - 1332101?
-1332230
In base 9, what is 6167 - -7?
6175
In base 6, what is -205040 + 0?
-205040
In base 6, what is -155123 + 13?
-155110
In base 13, what is 1 + -7291c?
-7291b
In base 11, what is 2 + 74749?
74750
In base 9, what is 10407 - -34?
10442
In base 4, what is 2 + 1200203?
1200211
In base 2, what is -1 - 11111101110010?
-11111101110011
In base 9, what is -11647 + -5?
-11653
In base 9, what is -20 + 127260?
127240
In base 7, what is -11222621 + -5?
-11222626
In base 15, what is 1a813 - -4?
1a817
In base 14, what is -141 + -27?
-168
In base 10, what is -1 - -175448?
175447
In base 14, what is -ca - 22a?
-316
In base 6, what is -104031224 - 4?
-104031232
In base 2, what is -1 + 1001111110001?
1001111110000
In base 6, what is -214 + 225?
11
In base 2, what is 101 - -1110000111001111?
1110000111010100
In base 7, what is 2 + 10516?
10521
In base 13, what is -1 - -3402?
3401
In base 7, what is 10113 + -1314?
5466
In base 15, what is -4 + 17e8ad?
17e8a9
In base 5, what is -1 + -1402034?
-1402040
In base 5, what is -1300 + 332212?
330412
In base 15, what is 4d265 - 0?
4d265
In base 10, what is 0 + -912?
-912
In base 11, what is 789 + 1665?
2343
In base 9, what is -8 - 27121?
-27130
In base 15, what is -11 - -10998?
10987
In base 14, what is b9 - 573?
-498
In base 16, what is 3 - -3937?
393a
In base 16, what is 34db + 5?
34e0
In base 12, what is -5 - -7771?
7768
In base 15, what is 813b - 23?
8118
In base 12, what is 148 + 7272?
73ba
In base 11, what is -3 + -885855?
-885858
In base 11, what is -1006 + 17?
-a9a
In base 9, what is -21 + -10207?
-10228
In base 5, what is -2 - 3000140?
-3000142
In base 15, what is 207ba + -5?
207b5
In base 5, what is -322 - -112330?
112003
In base 14, what is 477 - -4?
47b
In base 15, what is 249 + -d5?
164
In base 5, what is -204414 + 0?
-204414
In base 9, what is 5866 + 1?
5867
In base 13, what is 388b - 0?
388b
In base 9, what is -242565 + -3?
-242568
In base 7, what is -633324 - -4?
-633320
In base 2, what is 1100 - 101101000?
-101011100
In base 16, what is 7d10 + 1?
7d11
In base 13, what is -1726 - -4?
-1722
In base 15, what is 8b + -373?
-2d7
In base 5, what is -434 - -232202?
231213
In base 7, what is 106515 + -13?
106502
In base 14, what is 5 + 3259?
3260
In base 15, what is -d + 28ee?
28e1
In base 2, what is -11 - 1110110111111001?
-1110110111111100
In base 13, what is 26 - -1811?
1837
In base 3, what is 0 + -10112012?
-10112012
In base 6, what is -232130 + 354?
-231332
In base 4, what is -310 - 2023231?
-2030201
In base 8, what is 24 - 616023?
-615777
In base 7, what is -511 - -114?
-364
In base 12, what is 293 - 260?
33
In base 13, what is -15bcc - -4?
-15bc8
In base 10, what is 380 - -299?
679
In base 4, what is 32110121 - -2?
32110123
In base 3, what is 10 - -2202211120?
2202211200
In base 4, what is -23 - 223020?
-223103
In base 3, what is -102 + 2100102201?
2100102022
In base 15, what is 5ed - 154?
499
In base 6, what is 11335223 + -5?
11335214
In base 4, what is 3 - -1100330?
1100333
In base 2, what is -10011010 - -1010100?
-1000110
In base 7, what is 6606 - 24?
6552
In base 3, what is -12 + -1011100200?
-1011100212
In base 12, what is 8 + 6a?
76
In base 12, what is 13027 + -3?
13024
In base 15, what is e - 24b79?
-24b6a
In base 4, what is 22220 - -232303?
321123
In base 7, what is 2 + 552604?
552606
In base 13, what is 351 - 17?
337
In base 3, what is 0 - 1020002220000?
-1020002220000
In base 11, what is 4 + -2284?
-2280
In base 5, what is -1020004 - 3?
-1020012
In base 12, what is -4 - -32138?
32134
In base 15, what is 43c4 - 4?
43c0
In base 2, what is 11 - -10011001100001001?
10011001100001100
In base 4, what is -3 - 3301132?
-3301201
In base 14, what is ca8a - -1?
ca8b
In base 7, what is 102 - 532215?
-532113
In base 11, what is 129145 + 5?
12914a
In base 6, what is 15131 - -22?
15153
In base 7, what is -26 + -53024?
-53053
In base 4, what is -211010 - -1032?
-203312
In base 11, what is -4 + -196894?
-196898
In base 2, what is 100000000 + 101011100111?
101111100111
In base 6, what is 52215 - 33?
52142
In base 2, what is 1111001100111 + 10?
1111001101001
In base 15, what is c5263 - 1?
c5262
In base 4, what is -11010 - -102?
-10302
In base 11, what is a46 - -7?
a52
In base 2, what is -111000100101111 - -101?
-111000100101010
In base 5, what is 1024011 + 23?
1024034
In base 10, what is -5 - 112?
-117
In base 16, what is 2 + -38010?
-3800e
In base 15, what is 16b5 + 0?
16b5
In base 14, what is -1154 - -7?
-114b
In base 13, what is c5 - -1822?
1917
In base 14, what is -8944 + 1c?
-8926
In base 15, what is -4 - -a8bcb?
a8bc7
In base 16, what is -a - 3365?
-336f
In base 6, what is -440451 + -114?
-441005
In base 12, what is 558 + -64?
4b4
In base 12, what is -82962 + -4?
-82966
In base 2, what is -100110010001001000 + -1?
-100110010001001001
In base 10, what is -7 - 4830?
-4837
In base 5,